4/24 - s**3/3 + 160*s**2. Calculate u(-2).
0
Let q(z) = 5*z + 5. Suppose 7*u - 2*u - 3*d + 27 = 0, 2 = -2*u - d. Calculate q(u).
-10
Let a(h) = -h**3 - 5*h**2 + 7*h + 39. Let u be a(-5). Let w(d) = 6*d - 1. Give w(u).
23
Suppose 2 = -c - t - t, 4*c + 4*t + 12 = 0. Let i(p) = p**3 + 3*p**2 - 2*p - 1. Determine i(c).
-9
Let t(q) = -q**3 - q - 1. Let u(w) = -7*w**3 + 3*w**2 - w - 7. Let s(y) = 6*t(y) - u(y). Let g be 2 - -1*(7 + -3). Let l = -2 + g. Give s(l).
-3
Let h(w) = -2*w - 2. Let r(n) = 5*n - 11. Let q(d) = -6*h(d) + r(d). Give q(2).
35
Let w(u) = -u**3 - 6. Let y(j) = j**2. Let v(s) = -3*s**2 + 7*s + 10. Let k(a) = -v(a) - 4*y(a). Let l be k(-5). Calculate w(l).
-6
Let z(m) = 3*m - 110*m**2 + 55*m**2 - 3 + 54*m**2. Give z(4).
-7
Let l = 145561/120 - 1213. Let y(h) be the third derivative of 2/15*h**5 + 8*h**2 + 0*h + 0 - 3/8*h**4 + 4/3*h**3 - l*h**6. Calculate y(7).
-6
Let w be 1/((-16)/6 - -3). Let s(d) = 6*d**3 - 3*d**2 - 7*d + 9. Let i(z) = 7*z**3 - 3*z**2 - 8*z + 11. Let r(h) = 5*i(h) - 6*s(h). Calculate r(w).
7
Let c(r) = -r**2 - r + 3. Suppose 2*t = -2*a + 10, -14 + 39 = 3*t + 5*a. What is c(t)?
3
Let w(z) be the second derivative of -z**5/20 + 7*z**4/12 + z**2 + 698*z. Determine w(7).
2
Let c(d) be the second derivative of -1/2*d**4 + 1/20*d**5 - d + 0 - d**3 - d**2. Let y be c(7). Let u(o) = o - 2. Give u(y).
3
Let y(a) be the first derivative of a**4/4 - 2*a**3 + a**2 - 3*a - 497. Determine y(6).
9
Suppose 0*g = -4*g - 12. Let w(f) = -7*f. Let u(d) = -6*d - 1. Suppose -19 = 5*v - r, -4*v + 0*r + r = 16. Let i(k) = v*u(k) + 2*w(k). What is i(g)?
-9
Suppose v = 3*v - 8. Let o(t) = -t**3 + 4*t**2 + 4. Let c be o(v). Let g(k) = c + 2*k - 9 + 4. Give g(-2).
-5
Let h(x) = 5 - 15*x + 62*x - 15*x - 12*x - 16*x. Let y(s) = 5*s**3 + 2*s**2 + s. Let u be y(-1). Calculate h(u).
-11
Let i(x) be the second derivative of -1/5*x**5 - 1/2*x**2 + 0 + 1/12*x**4 - 40*x + 0*x**3. Give i(1).
-4
Let k(u) = 5*u**3 + 11*u**2 + u - 13. Let g(c) = 9*c**3 + 21*c**2 + 2*c - 25. Let o(w) = 6*g(w) - 11*k(w). Let h = 10 + -5. Determine o(h).
-2
Let y(m) = m**3 + 3*m**2 - 5*m - 2. Let b be (-2)/4*6 + 10. Let v(a) = -a**3 + 6*a**2 + 5*a + 10. Let w be v(b). What is y(w)?
2
Let w be ((7 + -7)*1)/1. Let a(y) = y**3 + y + 26. Calculate a(w).
26
Let c = -181 + 176. Let o(p) be the first derivative of 1/2*p**2 + 1 + 3*p + 5/3*p**3 + 1/4*p**4. What is o(c)?
-2
Let n(t) be the first derivative of -t**5/120 - 5*t**4/12 + 5*t**3/3 - 2. Let s(w) be the third derivative of n(w). What is s(0)?
-10
Let m(u) = 19*u - 4*u - 11 - 4*u**2 + 3*u**2. Calculate m(15).
-11
Let h(c) = -c + 3. Let w(u) = 2*u**3 + u**2 - 5*u + 5. Let y be w(1). Calculate h(y).
0
Let h(t) be the third derivative of -t**4/24 + 3*t**3/2 - 4*t**2. Let z be h(7). Let q(o) = o + 0 - 2*o**3 + 2 - z. Calculate q(-1).
1
Let o = -4 + 19. Suppose -o*c - 2*c = 17. Let s(x) = -2 + 1 + 2 + 8*x. What is s(c)?
-7
Let o(l) = -28 + 5*l**3 + 9 + 12 - 6*l**3 - 5*l**2 + 2*l + 8. Calculate o(-6).
25
Let r(l) = -l**3 + 56*l**2 - 57*l + 108. Let z be r(55). Let j(y) = -4*y**2. Give j(z).
-16
Let g(w) be the second derivative of -w**4/12 + 3*w**3/2 - 13*w**2/2 + 9*w - 6. Determine g(8).
-5
Let v(o) = -16*o**2 - o - 1. Suppose 5*g - 2*w - 3 - 2 = 0, -2*w = 10. Give v(g).
-16
Let v(a) = -a - 7. Let y(h) be the third derivative of -h**6/120 + 19*h**5/60 - h**4/24 + 2*h**3 - 14*h**2. Let t be y(19). Give v(t).
0
Let g be (-1 - 1*7) + 1. Let w(b) = -5*b + 1. Let t(k) = -19*k + 14. Let z(i) = t(i) - 4*w(i). Determine z(g).
3
Let i(p) = p**2 - 8*p. Let t = 65 + -58. Calculate i(t).
-7
Let b(s) = -3 + s + 0*s + 6. Suppose 2*q + 4*q - 12 = 0. Suppose q*y + 3*o = -7 - 7, 3*y = -3*o - 18. Determine b(y).
-1
Let d(l) = 2*l + 3. Let k be d(0). Let w(v) = -15*v - 2. Let s(o) = -15*o - 3. Let m(q) = k*s(q) - 4*w(q). Determine m(-1).
-16
Let t = -303 + 18181/60. Let f(w) be the third derivative of 0*w + 0 - 1/6*w**4 - 1/6*w**3 - t*w**5 + 2*w**2. Calculate f(-5).
-6
Let s(q) = 2*q + 27 - 60 - 8*q + 22 - q**2 + 20. Let v(r) = r**3 + 5*r**2 + r - 2. Let z be v(-5). What is s(z)?
2
Let b(l) = -17*l**3 - 3*l**2 + 5*l + 1. Let z(q) = 18*q**3 + 4*q**2 - 7*q - 1. Let s(n) = 4*b(n) + 3*z(n). Let m = -2 - -3. Determine s(m).
-14
Let n(x) = x**3 - x**2 - 22. Let q be (-1 + 1)/(-2 + 0 + 1). Give n(q).
-22
Let w(p) be the third derivative of -p**5/20 + 2*p**4/3 + p**3/6 - 370*p**2. Calculate w(7).
-34
Let y(q) = q**2 + q. Suppose -3*h + 1 = -2. Let m(w) = -4*w**2 + 1. Let u(j) = h*m(j) + y(j). Suppose 2*a + 12 = 4*c, -10 = a - 2*a - 2*c. What is u(a)?
-9
Let x(b) = b**3 - 10*b**2 - b + 10. Let k be 19 - (144/2)/8. What is x(k)?
0
Let k(i) = -5*i - 3. Let n(p) = 6*p + 3. Suppose -3*t - 2 = 2*r + 11, -4*r + 4*t - 16 = 0. Let v(g) = r*k(g) - 4*n(g). Calculate v(-8).
-5
Suppose 28*q - 13*q + 180 = 0. Let d(m) = m**2 + 13*m + 16. What is d(q)?
4
Let x(a) be the first derivative of -a**7/840 + 7*a**6/360 - a**5/20 + a**4/8 + 32*a**3/3 - 18. Let o(q) be the third derivative of x(q). What is o(6)?
3
Let s(a) = 23*a + 1. Let i be s(3). Let o = i + -66. Let y(k) = -k**2 + 2*k + 1. Give y(o).
-7
Let o(p) = -p**2 - 3*p. Let b = 458 - 462. Calculate o(b).
-4
Suppose -b = 5*m - 52, 60 = 2*b - m - 0*m. Let c(q) = b - 16 - 12 - 2*q. What is c(5)?
-6
Let j(z) = -2*z**3 - 21*z**2 - 6*z - 13. Let x(b) = b**3 + 11*b**2 + 3*b + 7. Let m(g) = 6*j(g) + 11*x(g). Let c = -129 - -124. Determine m(c).
14
Let p(h) = -4*h - 9. Let i be p(-3). Suppose i*v = -2*v + 35. Let j = v + -12. Let t(c) = c + 7. What is t(j)?
2
Let y(p) = -p**3 + 5*p**2 - 2*p + 1. Let n = 72 - 68. Give y(n).
9
Let b(m) = m**2 - 18*m + 1. Let t = -193 - -211. Determine b(t).
1
Let b(c) = -2*c + 18. Suppose 0*s + s = -j + 8, -2*j + 40 = 5*s. Let f be b(s). Suppose -2*n - u + 7 = 0, 4*n - f*u - 9 = 9. Let p(y) = y - 2. Calculate p(n).
2
Let b(j) = -j - 6. Let k be b(-8). Suppose 5*m = k*m + 18. Let w(r) = r - 3. Give w(m).
3
Let q(v) = -4 + 3 + 0*v**2 - v**2 - 2 + v. Let u(c) = -c. Let m(h) = q(h) - 3*u(h). Let n be m(3). Let p(s) = -s**2 + 7. What is p(n)?
7
Let r(g) = -2*g**2 + 27*g - 71. Let w be r(4). Let t(h) = 3*h. Give t(w).
15
Let a(j) = -j**2 + 3*j + 5. Suppose -7*w = -w - 18. Let c be 4/(-6) - ((-23)/w + 2). Determine a(c).
-5
Let w(n) be the first derivative of 14*n**3/3 + n**2/2 - n + 303. Give w(-2).
53
Let b(j) be the second derivative of j**8/6720 - j**7/315 + j**6/72 - j**5/15 + j**4/3 - 9*j. Let h(r) be the third derivative of b(r). What is h(6)?
-20
Let l(w) = w**3 + w**2. Let i(o) = 7*o**2 - 5*o + 7. Let t(k) = -i(k) + l(k). Give t(5).
-7
Let f(w) = w**3 + 14*w**2 + 11*w - 3. Let o be f(-12). Let t(p) = 153*p - o*p + p**2. Let g = 18 - 20. Give t(g).
4
Let v(w) = -10*w**3 - 18*w**2 + 11*w - 3. Let p(s) = -3*s**3 - 5*s**2 + 3*s - 1. Let h(n) = -7*p(n) + 2*v(n). Give h(0).
1
Let v = 11 - 9. Let l be (v - 1)/((-1)/(-4)). Let b(f) = -l*f + 4 - f + f + 3*f. Determine b(-5).
9
Let u(l) be the second derivative of 2*l**2 - 1/6*l**4 + 1/2*l**3 + 0 + 8*l. Calculate u(3).
-5
Let i(t) be the third derivative of -t**6/120 + t**5/15 + t**4/12 + t**3/2 - 2*t**2 + 34. Give i(3).
18
Let a(g) = -2*g**2 + 5*g + 4. Let u be a(6). Let t be ((-96)/42)/(-8) + u/(-14). Let b(z) = -2*z. What is b(t)?
-6
Suppose 0 = -5*w + 21 + 19. Suppose -2 - w = -5*k. Let h be (-1)/k*10/(-1). Let v(g) = g**2 - 6*g + 2. What is v(h)?
-3
Let u(c) = -c - 11. Let f = 12 + -7. Suppose 3*r = -5*n + 10, 0 = -4*r - 23 + 3. Suppose -h + k = f, 0 = -h + 2*h - n*k + 5. What is u(h)?
-6
Let w(b) = 4*b. Let t be w(1). Let i(p) = 8 + 0 + 0*p**2 - 6 - p**2. What is i(t)?
-14
Let j be -2 - ((2 - 3) + 3). Let q(v) = -6*v**2 + 2*v + 7. Let u(i) = 5*i**2 - i - 7. Let o(f) = j*q(f) - 5*u(f). Calculate o(-6).
-11
Suppose 29 - 53 = -4*u. Let c = 214 - 83. Let k(a) = -c + 0*a + a - u*a + 134. What is k(2)?
-7
Let a be ((-8)/12)/(4/(-24)). Let g(f) = -2*f + 2. Calculate g(a).
-6
Let z = -330 + 336. Let l(v) = -2*v**2 + 16*v - 15. What is l(z)?
9
Let n(u) = -u - 4. Suppose 13 = -4*s - 79. Let i = s - -28. Suppose b = -i + 9. Give n(b).
-8
Let h(k) = 5*k**3 - 7*k - 6. Let t(l) = -l**3 + l**2 + 2*l. Let a(z) = -h(z) - 6*t(z). Determine a(6).
-24
Let c(n) = -11984 + 11984 + n. Let z = 5 - 3. Let l(h) = 9. Let a(q) = z*c(q) + l(q). Calculate a(-6).
-3
Suppos